- 16. Determine y(2).
72
Let d(y) = -y**2 - 16*y - 8. What is d(-16)?
-8
Let n(h) = -h**2 + 178*h + 1102. Determine n(-6).
-2
Let r(u) = -u**3 + 11*u**2 - 13*u - 14. Calculate r(8).
74
Let y(k) = 62*k - 963. Give y(15).
-33
Let z(s) = 6*s**2 + 17*s - 180. Determine z(-7).
-5
Let m(h) = -9*h**2 + 232*h - 9. Give m(25).
166
Let y(t) = -448*t - 53759. Give y(-120).
1
Let b(q) = 118*q - 1397. Give b(10).
-217
Let o(u) = -5*u**2 + 57*u + 419. Calculate o(17).
-57
Let z(p) = p**3 - 7*p**2 + p + 49. Calculate z(7).
56
Let m(s) = -s**2 - s - 58. Give m(-5).
-78
Let g(l) = -18*l - 52. What is g(-3)?
2
Let i(a) = -a**3 + 29*a**2 - 56*a + 46. Give i(27).
-8
Let c(q) = -3*q**3 + 66*q**2 - 64*q + 21. Give c(21).
0
Let j(l) = -4*l**3 + 85*l**2 + 153*l + 195. Give j(23).
11
Let q(z) = -3860*z + 15426. Determine q(4).
-14
Let c(y) = 2*y**3 - 7*y**2 + 6. Determine c(4).
22
Let x(l) = -658*l + 25003. Determine x(38).
-1
Let s(n) = -2*n**3 - 3*n**2 + 44*n + 89. What is s(-2)?
5
Let g(d) = -607*d + 8495. Calculate g(14).
-3
Let n(y) = -24*y - 117. Calculate n(-8).
75
Let y(d) = -2*d**3 + 28*d**2 - 16*d - 118. What is y(13)?
12
Let p(n) = 60*n**3 - 54*n**2 - 13*n + 12. What is p(1)?
5
Let w(i) = i**3 + 26*i**2 + 39*i - 28. Give w(-24).
188
Let n(a) = 67*a - 1540. What is n(23)?
1
Let a(z) = -3023*z - 163253. Give a(-54).
-11
Let u(h) = -5*h**2 + 23*h - 76. What is u(10)?
-346
Let z(p) = 11828*p - 23642. Give z(2).
14
Let x(k) = -11038*k + 88311. Give x(8).
7
Let t(q) = 93*q - 566. Determine t(6).
-8
Let y(n) = 2*n**2 + 21*n + 46. Calculate y(-4).
-6
Let v(y) = y**3 + 50*y**2 + 233*y + 274. What is v(-45)?
-86
Let t(p) = -p**3 - 54*p**2 - 48*p + 251. Calculate t(-53).
-14
Let n(s) = s**3 - 121*s + 15. What is n(11)?
15
Let c(l) = 268*l - 29745. What is c(111)?
3
Let f(m) = -59*m + 839. Determine f(10).
249
Let t(g) = -g**2 - 43*g - 93. What is t(-39)?
63
Let r(t) = 173*t - 9905. Calculate r(57).
-44
Let j(q) = -2*q**3 + 4*q**2 + 3*q + 4. Calculate j(0).
4
Let q(z) = -2*z**3 + 18*z**2 - z + 25. Determine q(9).
16
Let s(y) = 4658*y + 9361. Calculate s(-2).
45
Let x(p) = 21*p**2 - 12*p - 21. Give x(-2).
87
Let h(k) = -k**2 + 187*k - 2896. Determine h(17).
-6
Let k(r) = 2*r**2 - 163*r + 106. Give k(81).
25
Let p(t) = -467*t + 5604. What is p(12)?
0
Let q(u) = -1430*u - 1429. Give q(-1).
1
Let m(j) = 2*j**3 + 11*j**2 + 4*j - 12. Give m(-7).
-187
Let j(k) = 13714*k - 41097. Determine j(3).
45
Let g(b) = -21*b - 435. Give g(-22).
27
Let a(h) = 25*h + 540. What is a(-24)?
-60
Let o(f) = -76*f + 11547. Give o(152).
-5
Let f(j) = -22*j - 1015. What is f(-29)?
-377
Let m(z) = 3049*z - 21339. What is m(7)?
4
Let k(r) = -r**2 + 621*r - 26450. Determine k(46).
0
Let b(z) = 33*z - 932. What is b(26)?
-74
Let v(p) = 60*p**2 - 254*p - 16. What is v(4)?
-72
Let o(r) = -r**2 - 57*r - 553. Give o(-13).
19
Let j(l) = -48*l - 4. Calculate j(-1).
44
Let k(v) = -2*v**2 + 33*v - 140. What is k(9)?
-5
Let l(a) = -4*a**2 - 88*a + 3. Calculate l(-22).
3
Let i(z) = 29*z**2 + 8*z - 9. What is i(1)?
28
Let d(w) = -34106*w + 204642. Determine d(6).
6
Let j(s) = 29*s - 323. Give j(14).
83
Let j(q) = 11*q**2 - 129*q - 28. Give j(12).
8
Let y(q) = -2*q**3 + 8*q**2 + 100*q - 420. Determine y(4).
-20
Let f(b) = 4*b**2 + 6*b + 5. Give f(1).
15
Let l(v) = -99*v + 839. What is l(9)?
-52
Let v(t) = 2703*t - 27046. Give v(10).
-16
Let b(p) = 247*p - 17562. Calculate b(71).
-25
Let q(r) = -2770*r - 24926. Calculate q(-9).
4
Let p(q) = 2*q**3 - 94*q**2 - 88*q - 244. What is p(48)?
140
Let u(g) = 347*g - 1687. What is u(5)?
48
Let m(g) = 5*g**2 + 574*g - 133. What is m(-115)?
-18
Let l(g) = -64*g + 378. Give l(5).
58
Let j(q) = -2*q**3 - 24*q**2 - 13*q - 159. What is j(-12)?
-3
Let x(l) = l**2 + 78*l + 862. What is x(-13)?
17
Let l(z) = 71*z - 27. Calculate l(1).
44
Let n(t) = t**3 + t**2 - 4*t. Determine n(3).
24
Let b(n) = -23*n**3 - n**2 - 25*n + 23. What is b(1)?
-26
Let w(r) = -r**3 - r**2 + 29*r - 101. Calculate w(3).
-50
Let c(v) = -v**2 + 3242*v - 16196. What is c(5)?
-11
Let d(c) = -39*c - 418. Determine d(-10).
-28
Let p(x) = -164*x + 2290. Give p(14).
-6
Let x(z) = 3*z - 11. Determine x(-12).
-47
Let a(w) = w**2 + 59*w - 72. What is a(-27)?
-936
Let s(m) = 495*m - 997. Give s(2).
-7
Let d(w) = 61*w + 796. Give d(-12).
64
Let m(t) = 14*t**2 + 68*t - 350. Give m(5).
340
Let n(u) = -5*u + 252. What is n(52)?
-8
Let c(s) = -1013*s - 2957. Calculate c(-3).
82
Let q(r) = -3*r**3 + 132*r**2 + 311*r - 1613. Calculate q(46).
-3
Let h(a) = -21*a**2 + 5*a - 1. Calculate h(-1).
-27
Let a(z) = -z**2 - 92*z + 789. What is a(8)?
-11
Let n(l) = l**2 - 46*l + 212. What is n(41)?
7
Let v(b) = 485*b + 10744. What is v(-22)?
74
Let r(w) = -6*w**3 + 11*w**2 - 5*w - 2. What is r(2)?
-16
Let p(q) = -q**3 - 104*q - 334. Determine p(-3).
5
Let f(s) = 10*s - 2755. What is f(276)?
5
Let n(r) = -556*r - 12766. Calculate n(-23).
22
Let d(l) = l**2 - 191*l - 2008. Give d(-10).
2
Let c(s) = -1128*s - 12402. Determine c(-11).
6
Let t(a) = -514*a - 1553. What is t(-3)?
-11
Let h(j) = -6*j - 74. What is h(-17)?
28
Let k(t) = t**3 - 78*t**2 - 67*t - 959. What is k(79)?
-11
Let z(p) = -514*p + 7159. What is z(14)?
-37
Let g(v) = 21*v - 212. Give g(6).
-86
Let k(l) = 847*l + 3386. Determine k(-4).
-2
Let u(z) = 3*z**2 - 15*z - 9. Determine u(9).
99
Let h(o) = -272*o + 1045. What is h(4)?
-43
Let t(w) = -185*w + 502. Calculate t(3).
-53
Let x(n) = -7*n**2 + 241*n + 136. What is x(35)?
-4
Let j(k) = k**2 - 32*k + 201. Calculate j(15).
-54
Let w(f) = 11*f**3 + 33*f**2 + 16*f + 57. Calculate w(-3).
9
Let a(m) = 2924*m - 29226. What is a(10)?
14
Let r(p) = 2638*p + 18444. What is r(-7)?
-22
Let h(p) = -p**3 + 12*p**2 + 8*p - 74. Determine h(8).
246
Let t(m) = 38*m + 382. Calculate t(-10).
2
Let h(n) = -28*n + 303. Calculate h(15).
-117
Let f(b) = 26*b**3 + 2*b**2 + 11*b + 11. Determine f(-1).
-24
Let l(r) = -12*r - 21. Determine l(-4).
27
Let d(p) = 368*p + 371. Give d(-1).
3
Let o(w) = w**3 - 25*w**2 + 50*w + 96. What is o(23)?
188
Let v(w) = -w**2 - 117*w + 1268. Calculate v(10).
-2
Let m(x) = -x**3 - 36*x**2 + 116*x - 16. Determine m(-39).
23
Let y(m) = 5*m - 23. Calculate y(-7).
-58
Let o(f) = -14*f**2 - 256*f + 1. Determine o(-18).
73
Let z(h) = -5*h**3 - 2*h**2 + 2. Calculate z(-1).
5
Let c(d) = 10127*d + 50631. Calculate c(-5).
-4
Let o(a) = a**3 - 64*a**2 + 63*a + 8. Calculate o(63).
8
Let j(l) = 36*l + 431. Calculate j(-14).
-73
Let g(c) = 287*c - 815. Calculate g(5).
620
Let r(w) = -3*w**2 - 81*w - 155. Calculate r(-24).
61
Let a(v) = -v**3 - 4*v**2 + 28*v + 103. What is a(-5)?
-12
Let k(b) = 5110*b - 40884. Give k(8).
-4
Let u(v) = -2*v**2 + 286*v - 2134. Give u(8).
26
Let o(d) = 899*d + 6283. What is o(-7)?
-10
Let b(c) = -66*c + 2045. Calculate b(31).
-1
Let r(w) = w**3 + 4*w**2 + 54. What is r(-6)?
-18
Let z(b) = 161*b + 44715. Calculate z(-278).
-43
Let q(j) = j**3 + 35*j**2 + 3*j + 105. Calculate q(-35).
0
Let k(q) = 2*q**2 + 22*q + 9. Give k(10).
429
Let x(h) = -h**3 - 20*h**2 + 5*h - 34. What is x(-20)?
-134
Let k(m) = -m**2 + 41*m + 515. What is k(51)?
5
Let d(g) = 123*g - 2093. Give d(17).
-2
Let h(b) = 188*b**3 + 10*b**2 - 3*b - 7. Determine h(1).
188
Let h(l) = -14*l**2 - 30*l - 147. Determine h(-4).
-251
Let k(h) = h**2 - 596*h - 4824. Determine k(-8).
8
Let t(x) = -x**2 + 21*x - 22. Determine t(9).
86
Let s(w) = -2*w**3 + 43*w**2 + 55*w + 267. What is s(23)?
-55
Let r(b) = 103*b - 7576. What is r(74)?
46
Let q(t) = 2*t**2 - 20*t + 15. What is q(17)?
253
Let c(h) = -51*h - 283. Give c(-5).
-28
Let n(g) = g**3 - 25*g**2 - 30*g - 63. Give n(26).
-167
Let a(l) = -2*l**2 + 190*l - 1451. Determine a(8).
-59
Let p(r) = 34*r**3 + r**2 - r. Determine p(1).
34
Let z(f) = -f**3 - 407*f**2 - 5127*f - 56. What is z(-13)?
9
Let b(f) = f**2 + 51*f + 222. Give b(-47).
34
Let i(y) = 578*y - 1166. Calculate i(2).
-10
Let v(j) = 17*j**3 - 648*j**2 + 73*j + 104. What is v(38)?
-10
Let f(y) = -80*y - 6875. Give f(-86).
5
Let b(n) = 272*n - 2949. Give b(10).
-229
Let z(a) = -157*a - 436. What is z(-3)?
35
Let a(g) = 6*g**3 - 61*g**2 + 10*g. Calculate a(10).
0
Let a(g) = -g**3 + 175*g**2 + 705*g + 1974. Calculate a(179).
5
Let j(i) = 2*i**3 - 31*i**2 + 15*i + 15. Give j(15).
15
Let u(r) = -66*r + 5152. What is u(78)?
4
Let h(f) = 190